 14, what is -763 + 16c?
-5d5
In base 13, what is 156 - -8?
161
In base 7, what is 2 - -125261?
125263
In base 11, what is -3 - 32233?
-32236
In base 2, what is 100011100001101 - -1?
100011100001110
In base 10, what is 14 + 530?
544
In base 11, what is -97 + 119a?
1103
In base 8, what is -462 - -20?
-442
In base 8, what is -111245 - 212?
-111457
In base 12, what is 16535 + -104?
16431
In base 14, what is 6182 + -16?
616a
In base 11, what is 70912 - 3?
7090a
In base 6, what is -111 + 235124?
235013
In base 10, what is 13741 + 5?
13746
In base 8, what is -66 - -720?
632
In base 13, what is 2 + -18738b?
-187389
In base 13, what is -46c3 - -5?
-46bb
In base 3, what is -12210202 + 111?
-12210021
In base 12, what is 5 + -1407a?
-14075
In base 12, what is -10362 - -21?
-10341
In base 16, what is -1 - a9d?
-a9e
In base 7, what is -1642551 - 4?
-1642555
In base 5, what is -2333041 + -41?
-2333132
In base 3, what is -1 + 1201102222?
1201102221
In base 13, what is -491 - 4?
-495
In base 16, what is 1688e + -3?
1688b
In base 6, what is -111 - -14224?
14113
In base 12, what is 29790 + 3?
29793
In base 4, what is 123302020113 - -11?
123302020130
In base 11, what is 5 - 43251?
-43247
In base 11, what is -7 - -11051?
11045
In base 13, what is -1 - 424?
-425
In base 12, what is 0 - -59046?
59046
In base 11, what is 147 - a01?
-865
In base 14, what is -100c5 - -63?
-10062
In base 5, what is 2413 - -411?
3324
In base 8, what is -151454 - -4?
-151450
In base 12, what is -714 + ba?
-616
In base 8, what is 23541 + -3?
23536
In base 4, what is 131222310 + -11?
131222233
In base 6, what is -23353 + -3?
-23400
In base 7, what is 6645651 + 1?
6645652
In base 7, what is -252410 - -20?
-252360
In base 5, what is -320431 - -4?
-320422
In base 7, what is 260130 + -4?
260123
In base 2, what is 10001000000110110 - -1?
10001000000110111
In base 8, what is -67646 - -3?
-67643
In base 8, what is -221220 - 23?
-221243
In base 16, what is -3 - 897b?
-897e
In base 6, what is -130 + 1121?
551
In base 16, what is 46411 - -1?
46412
In base 16, what is 6e54 - -77?
6ecb
In base 2, what is 100010 + 100011011?
100111101
In base 6, what is -10423 - 22543?
-33410
In base 9, what is 3382 + 104?
3486
In base 8, what is -1 + -2330262?
-2330263
In base 11, what is -7657 - 40?
-7697
In base 7, what is -2342005 - 0?
-2342005
In base 8, what is -451024 - 11?
-451035
In base 9, what is 213 + 53?
266
In base 14, what is -1dd + 2dd?
100
In base 3, what is -1112211102 - 11?
-1112211120
In base 12, what is -2 + 721b?
7219
In base 16, what is -17e + -f08?
-1086
In base 9, what is 31 + 8026?
8057
In base 2, what is 1111111001000110 - -101?
1111111001001011
In base 4, what is 101123001122 - 0?
101123001122
In base 3, what is -1 + -210012202001?
-210012202002
In base 13, what is -1b - -90c?
8c1
In base 6, what is -5 - 201401?
-201410
In base 2, what is -11110001010 + -10100010?
-100000101100
In base 6, what is -33 + 534?
501
In base 9, what is 1 - -13010?
13011
In base 2, what is 11 + -1100110110100?
-1100110110001
In base 14, what is 2b - 307?
-2ba
In base 7, what is 14 - 22451?
-22434
In base 5, what is -1333 - -42014?
40131
In base 13, what is -25 + -2a0?
-2c5
In base 10, what is -25208 + -63?
-25271
In base 4, what is 32 + -10113023?
-10112331
In base 16, what is 1bd - 278?
-bb
In base 13, what is a47 + 1c1?
c38
In base 11, what is -87519 - -39?
-87490
In base 12, what is 255a645 - -1?
255a646
In base 12, what is 375a - -1a?
3778
In base 14, what is 4 + -b15d4?
-b15d0
In base 7, what is -6613 + -404?
-10320
In base 4, what is -2 + 132301311?
132301303
In base 13, what is -2408 - 7?
-2412
In base 14, what is 61 + 1057?
10b8
In base 16, what is -3 + -18c7c?
-18c7f
In base 14, what is -1 - 775b7?
-775b8
In base 13, what is 85 + -2a?
58
In base 11, what is 1542 - -60a?
2051
In base 16, what is -ee + -1bc?
-2aa
In base 3, what is 201 + 11010222202?
11011000110
In base 4, what is 22 + -23113301?
-23113213
In base 6, what is -4 + -105430?
-105434
In base 15, what is -30bd8 + -9?
-30be2
In base 12, what is -108b + 30?
-105b
In base 15, what is 15d + -1a?
143
In base 13, what is 24 + -28a6?
-2882
In base 12, what is 312b - ab?
3040
In base 3, what is 100220122 + -10?
100220112
In base 9, what is -880480 - -1?
-880478
In base 15, what is 3a + -208?
-1bd
In base 10, what is -41 + 3211?
3170
In base 4, what is 322231 + 20213?
1003110
In base 10, what is -1975 - -99?
-1876
In base 10, what is -330355 - 2?
-330357
In base 13, what is 197 + -1019?
-b52
In base 4, what is -12 - -21320301?
21320223
In base 5, what is 3100314 - 4?
3100310
In base 3, what is -10101 + 1102?
-1222
In base 3, what is 211 - 12112111012?
-12112110101
In base 4, what is 12211123 - -2202?
12213331
In base 7, what is -3 - -101532?
101526
In base 16, what is -c + -e018?
-e024
In base 16, what is 1 - -76e8d?
76e8e
In base 14, what is dc9 + -56?
d73
In base 8, what is 217501 + -1?
217500
In base 10, what is 82431 - 0?
82431
In base 16, what is 1 - -7d09f?
7d0a0
In base 2, what is -10101110 + -1101001?
-100010111
In base 7, what is 1 + -10044?
-10043
In base 10, what is 2 + -29020?
-29018
In base 10, what is 5001 - 7?
4994
In base 2, what is -1100011 + -111110100?
-1001010111
In base 7, what is 1 - -210123?
210124
In base 10, what is 1990 + 0?
1990
In base 2, what is -101010101000 + 1010?
-101010011110
In base 3, what is -120001100 - -20?
-120001010
In base 3, what is 10020022000 - -1000?
10020100000
In base 2, what is 110010111111 + -110111000?
101100000111
In base 5, what is -12421334 - -3?
-12421331
In base 12, what is 5 + 6b73?
6b78
In base 13, what is -42c4 + 3?
-42c1
In base 10, what is 17816 - -76?
17892
In base 5, what is 201 + -3134?
-2433
In base 11, what is 122749 - 5?
122744
In base 6, what is -10 - 35505?
-35515
In base 15, what is -d0 - e?
-de
In base 13, what is 4 - 164b6?
-164b2
In base 10, what is 25526 - -5?
25531
In base 16, what is -37b - fd?
-478
In base 8, what is -132715 - -4?
-132711
In base 3, what is 2 + 21202021210?
21202021212
In base 3, what is -201011 + 211001210?
210100122
In base 10, what is 5290336 - 4?
5290332
In base 2, what is -1000001010001111111 + -111?
-1000001010010000110
In base 2, what is -1001000110011 + 1001100010?
-111111010001
In base 9, what is -46362 - 4?
-46366
In base 2, what is 111010001000011 - -10001?
111010001010100
In base 5, what is -133014 + 4?
-133010
In base 2, what is 11011 + 1110110?
10010001
In base 14, what is -44cd97 - -4?
-44cd93
In base 10, what is -3 + 24474?
24471
In base 8, what is 3 + -37126?
-37123
In base 16, what is 11f67 + -4?
11f63
In base 10, what is -51 + 1822?
1771
In base 2, what is 101 + -10101011111000?
-10101011110011
In base 11, what is -3135 - -50?
-3095
In base 9, what is 2852373 - -2?
2852375
In base 10, what is 2 - 811905?
-811903
In base 13, what is 28b718 + -2?
28b716
In base 9, what is 40 + 124?
164
In base 7, what is -13054 + -15?
-13102
In base 10, what is -6198 - -57?
-6141
In base 4, what is -111302 + -21?
-111323
In base 15, what is 222 - -88d?
ab0
In base 10, what is 3892 - 2?
3890
In base 12, what is a - 44358?
-4434a
In base 16, what is -8 - 50a0?
-50a8
In base 6, what is -20434 + -13?
-20451
In base 12, what is -4 - -479?
475
In base 9, what is 28677 - 3?
28674
In base 5, what is -132122 + 3?
-132114
In base 2, what is -111011100101101 - -100110?
-111011100000111
In base 4, what is 3301132 - -2033?
3303231
In base 5, what is -1034031 + 3?
-1034023
In base 11, what is 5 - 1a9020?
-1a9016
In base 13, what is -91b + -c?
-92a
In base 8, what is 4 + -10606?
-10602
In base 5, what is 2203 - 4?
2144
In base 8, what is -1137 - 517?
-1656
In base 11, what is 1 + -4176?
-4175
In base 9, what is -11701 - -30?
-11661
In base 14, what is -136 + 4?
-132
In base 2, what is 110111011010010 - 0?
110111011010010
In base 5, what is -10212034 + -12?
-10212101
In base 3, what is 11 - 1122022120?
-1122022102
In base 10, what is 29 + -5445?
-5416
In base 6, what is -3204 + -22?
-3230
In base 5, what is 4222 - 111?
4111
In base 9, what is 0 - 51662?
-51662
In base 14, what is 57b4 - 5?
57ad
In base 13, what is 45ac + 30?
460c
In base 10, what is 930 + -567?
363
In base 4, what is -2010020233 - 10?
-2010020303
In base 6, what is -15 + -210102?
-210121
In base 15, what is